{"id":21,"date":"2025-09-07T04:06:17","date_gmt":"2025-09-07T04:06:17","guid":{"rendered":"https:\/\/nhtsolution.net\/?page_id=21"},"modified":"2025-09-09T01:08:07","modified_gmt":"2025-09-09T01:08:07","slug":"sell-a-house","status":"publish","type":"page","link":"https:\/\/nhtsolution.net\/?page_id=21","title":{"rendered":"Sell a House"},"content":{"rendered":"\n<p class=\"has-very-light-gray-to-cyan-bluish-gray-gradient-background has-text-color has-background has-link-color has-large-font-size wp-elements-2dfe479a4885654b043ea2106f99b375\" style=\"color:#cd9c16\"><strong>D\u1ecbch V\u1ee5 B\u1ea5t \u0110\u1ed9ng S\u1ea3n<br>( Real Estate)<\/strong><\/p>\n\n\n\n<p class=\"has-normal-font-size\">D\u1ecbch V\u1ee5 B\u1ea5t \u0110\u1ed9ng S\u1ea3n T\u1ea1i Charleston \u2013 Ch\u00eca Kh\u00f3a Cho Ng\u00f4i Nh\u00e0 M\u01a1 \u01af\u1edbc C\u1ee7a B\u1ea1n<\/p>\n\n\n\n<p>Charleston, South Carolina kh\u00f4ng ch\u1ec9 n\u1ed5i ti\u1ebfng v\u1edbi v\u1ebb \u0111\u1eb9p l\u1ecbch s\u1eed, ki\u1ebfn tr\u00fac c\u1ed5 k\u00ednh v\u00e0 nh\u1eefng b\u00e3i bi\u1ec3n tuy\u1ec7t v\u1eddi, m\u00e0 c\u00f2n l\u00e0 m\u1ed9t trong nh\u1eefng th\u1ecb tr\u01b0\u1eddng b\u1ea5t \u0111\u1ed9ng s\u1ea3n ph\u00e1t tri\u1ec3n nhanh nh\u1ea5t t\u1ea1i khu v\u1ef1c \u0110\u00f4ng Nam Hoa K\u1ef3. V\u1edbi t\u1ed1c \u0111\u1ed9 t\u0103ng tr\u01b0\u1edfng d\u00e2n s\u1ed1 \u1ed5n \u0111\u1ecbnh, m\u00f4i tr\u01b0\u1eddng s\u1ed1ng an to\u00e0n, kh\u00ed h\u1eadu d\u1ec5 ch\u1ecbu v\u00e0 n\u1ec1n kinh t\u1ebf \u0111a d\u1ea1ng, Charleston tr\u1edf th\u00e0nh \u0111i\u1ec3m \u0111\u1ebfn l\u00fd t\u01b0\u1edfng \u0111\u1ec3 <strong>mua nh\u00e0, \u0111\u1ea7u t\u01b0 ho\u1eb7c an c\u01b0 l\u00e2u d\u00e0i<\/strong>.<\/p>\n\n\n<div class=\"wp-block-image\">\n<figure class=\"aligncenter size-medium\"><img loading=\"lazy\" decoding=\"async\" width=\"300\" height=\"200\" src=\"https:\/\/nhtsolution.net\/wp-content\/uploads\/2025\/09\/dia-diem-du-lich-charleston-2-300x200.png\" alt=\"\" class=\"wp-image-99\" srcset=\"https:\/\/nhtsolution.net\/wp-content\/uploads\/2025\/09\/dia-diem-du-lich-charleston-2-300x200.png 300w, https:\/\/nhtsolution.net\/wp-content\/uploads\/2025\/09\/dia-diem-du-lich-charleston-2-1024x683.png 1024w, https:\/\/nhtsolution.net\/wp-content\/uploads\/2025\/09\/dia-diem-du-lich-charleston-2-768x512.png 768w, https:\/\/nhtsolution.net\/wp-content\/uploads\/2025\/09\/dia-diem-du-lich-charleston-2.png 1336w\" sizes=\"auto, (max-width: 300px) 100vw, 300px\" \/><\/figure>\n<\/div>\n\n\n<h2 class=\"wp-block-heading has-luminous-vivid-amber-color has-text-color has-link-color has-large-font-size wp-elements-adc0dce60ce71d502195bce067874e11\"><strong>T\u1ea1i Sao Ch\u1ecdn Charleston?<\/strong><\/h2>\n\n\n\n<ul class=\"wp-block-list\">\n<li><strong>Th\u00e0nh ph\u1ed1 l\u1ecbch s\u1eed &amp; v\u0103n h\u00f3a:<\/strong> Charleston \u0111\u01b0\u1ee3c m\u1ec7nh danh l\u00e0 \u201cth\u00e0nh ph\u1ed1 th\u00e2n thi\u1ec7n nh\u1ea5t n\u01b0\u1edbc M\u1ef9\u201d v\u1edbi nh\u1eefng con ph\u1ed1 l\u00e1t \u0111\u00e1 c\u1ed5 k\u00ednh, c\u00e1c l\u1ec5 h\u1ed9i v\u0103n h\u00f3a v\u00e0 \u1ea9m th\u1ef1c phong ph\u00fa.<\/li>\n\n\n\n<li><strong>Kinh t\u1ebf ph\u00e1t tri\u1ec3n:<\/strong> Nhi\u1ec1u t\u1eadp \u0111o\u00e0n l\u1edbn trong l\u0129nh v\u1ef1c h\u00e0ng kh\u00f4ng, c\u00f4ng ngh\u1ec7, y t\u1ebf v\u00e0 du l\u1ecbch \u0111\u00e3 ch\u1ecdn Charleston l\u00e0m trung t\u00e2m ho\u1ea1t \u0111\u1ed9ng.<\/li>\n\n\n\n<li><strong>C\u1ed9ng \u0111\u1ed3ng \u0111a d\u1ea1ng:<\/strong> Nhi\u1ec1u gia \u0111\u00ecnh, chuy\u00ean gia v\u00e0 doanh nh\u00e2n t\u00ecm \u0111\u1ebfn \u0111\u00e2y \u0111\u1ec3 l\u00e0m vi\u1ec7c v\u00e0 t\u1eadn h\u01b0\u1edfng cu\u1ed9c s\u1ed1ng ch\u1ea5t l\u01b0\u1ee3ng cao.<\/li>\n\n\n\n<li><strong>Gi\u00e1 tr\u1ecb b\u1ea5t \u0111\u1ed9ng s\u1ea3n t\u0103ng tr\u01b0\u1edfng:<\/strong> Charleston lu\u00f4n n\u1eb1m trong top c\u00e1c th\u1ecb tr\u01b0\u1eddng b\u1ea5t \u0111\u1ed9ng s\u1ea3n \u0111\u00e1ng \u0111\u1ea7u t\u01b0 v\u1edbi m\u1ee9c t\u0103ng gi\u00e1 \u1ed5n \u0111\u1ecbnh.<\/li>\n<\/ul>\n\n\n<div class=\"wp-block-image\">\n<figure class=\"aligncenter size-medium\"><img loading=\"lazy\" decoding=\"async\" width=\"300\" height=\"200\" src=\"https:\/\/nhtsolution.net\/wp-content\/uploads\/2025\/09\/istockphoto-522739970-612x612-1-300x200.jpg\" alt=\"\" class=\"wp-image-98\" srcset=\"https:\/\/nhtsolution.net\/wp-content\/uploads\/2025\/09\/istockphoto-522739970-612x612-1-300x200.jpg 300w, https:\/\/nhtsolution.net\/wp-content\/uploads\/2025\/09\/istockphoto-522739970-612x612-1.jpg 612w\" sizes=\"auto, (max-width: 300px) 100vw, 300px\" \/><\/figure>\n<\/div>\n\n\n<h2 class=\"wp-block-heading has-luminous-vivid-amber-color has-text-color has-link-color has-large-font-size wp-elements-daad65df9458e142b9b6bae69061aafa\"><strong>D\u1ecbch V\u1ee5 B\u1ea5t \u0110\u1ed9ng S\u1ea3n Ch\u00fang T\u00f4i Cung C\u1ea5p<\/strong><\/h2>\n\n\n\n<p><\/p>\n\n\n\n<ul class=\"wp-block-list\">\n<li><strong>Mua b\u00e1n nh\u00e0 \u1edf:<\/strong> T\u01b0 v\u1ea5n, t\u00ecm ki\u1ebfm v\u00e0 th\u01b0\u01a1ng l\u01b0\u1ee3ng \u0111\u1ec3 kh\u00e1ch h\u00e0ng c\u00f3 \u0111\u01b0\u1ee3c ng\u00f4i nh\u00e0 ph\u00f9 h\u1ee3p nh\u1ea5t v\u1edbi nhu c\u1ea7u v\u00e0 ng\u00e2n s\u00e1ch.<\/li>\n\n\n\n<li><strong>\u0110\u1ea7u t\u01b0 b\u1ea5t \u0111\u1ed9ng s\u1ea3n:<\/strong> Ph\u00e2n t\u00edch ti\u1ec1m n\u0103ng l\u1ee3i nhu\u1eadn, h\u1ed7 tr\u1ee3 mua nh\u00e0 cho thu\u00ea, b\u1ea5t \u0111\u1ed9ng s\u1ea3n th\u01b0\u01a1ng m\u1ea1i ho\u1eb7c \u0111\u1ea5t n\u1ec1n.<\/li>\n\n\n\n<li><strong>H\u1ed7 tr\u1ee3 ng\u01b0\u1eddi mua l\u1ea7n \u0111\u1ea7u:<\/strong> Gi\u1ea3i th\u00edch quy tr\u00ecnh mua nh\u00e0 t\u1eeb A-Z, h\u1ed7 tr\u1ee3 k\u1ebft n\u1ed1i v\u1edbi ng\u00e2n h\u00e0ng, lu\u1eadt s\u01b0, v\u00e0 ki\u1ec3m tra nh\u00e0.<\/li>\n\n\n\n<li><strong>B\u00e1n nh\u00e0 nhanh &amp; hi\u1ec7u qu\u1ea3:<\/strong> \u0110\u01b0a ra chi\u1ebfn l\u01b0\u1ee3c marketing, ch\u1ee5p \u1ea3nh chuy\u00ean nghi\u1ec7p, \u0111\u0103ng MLS v\u00e0 qu\u1ea3ng b\u00e1 \u0111\u1ec3 b\u00e1n nhanh v\u1edbi gi\u00e1 t\u1ed1t nh\u1ea5t.<\/li>\n\n\n\n<li><strong>T\u01b0 v\u1ea5n song ng\u1eef (Anh \u2013 Vi\u1ec7t):<\/strong> Gi\u00fap c\u1ed9ng \u0111\u1ed3ng ng\u01b0\u1eddi Vi\u1ec7t t\u1ea1i Charleston v\u00e0 c\u00e1c v\u00f9ng l\u00e2n c\u1eadn d\u1ec5 d\u00e0ng ti\u1ebfp c\u1eadn th\u00f4ng tin v\u00e0 hi\u1ec3u r\u00f5 quy tr\u00ecnh giao d\u1ecbch.<\/li>\n<\/ul>\n\n\n\n<p class=\"has-luminous-vivid-amber-color has-text-color has-link-color has-large-font-size wp-elements-593221fb1f38f389808638deaedba488\"><strong>Khu v\u1ef1c ph\u1ee5c v\u1ee5 :<\/strong><\/p>\n\n\n\n<ul class=\"wp-block-list\">\n<li>Charleston <\/li>\n\n\n\n<li>Summerville<\/li>\n\n\n\n<li>Moncks Corner<\/li>\n\n\n\n<li>Mount Pleasant<\/li>\n\n\n\n<li>Goose Creek<\/li>\n\n\n\n<li>Myrtle Beach<\/li>\n\n\n\n<li>Columbia<\/li>\n<\/ul>\n\n\n\n<p class=\"has-luminous-vivid-amber-color has-text-color has-link-color has-large-font-size wp-elements-8687456afc41079e9a0dd7541338e36e\"><strong>Cam k\u1ebft dich v\u1ee5 :<\/strong><\/p>\n\n\n\n<ul class=\"wp-block-list\">\n<li>L\u00e0m vi\u1ec7c <strong>t\u1eadn t\u00e2m, minh b\u1ea1ch v\u00e0 chuy\u00ean nghi\u1ec7p<\/strong>.<\/li>\n\n\n\n<li>H\u1ed7 tr\u1ee3 kh\u00e1ch h\u00e0ng t\u1eeb kh\u00e2u t\u00ecm ki\u1ebfm, th\u01b0\u01a1ng l\u01b0\u1ee3ng \u0111\u1ebfn khi ho\u00e0n t\u1ea5t giao d\u1ecbch.<\/li>\n\n\n\n<li>\u0110\u1ed3ng h\u00e0nh c\u00f9ng kh\u00e1ch h\u00e0ng kh\u00f4ng ch\u1ec9 trong m\u1ed9t giao d\u1ecbch, m\u00e0 c\u00f2n l\u00e2u d\u00e0i tr\u00ean h\u00e0nh tr\u00ecnh an c\u01b0 \u2013 \u0111\u1ea7u t\u01b0 t\u1ea1i Charleston.<\/li>\n<\/ul>\n\n\n\n<p>N\u1ebfu b\u1ea1n \u0111ang t\u00ecm mua, b\u00e1n hay \u0111\u1ea7u t\u01b0 b\u1ea5t \u0111\u1ed9ng s\u1ea3n t\u1ea1i Charleston, h\u00e3y \u0111\u1ec3 ch\u00fang t\u00f4i tr\u1edf th\u00e0nh <strong>ng\u01b0\u1eddi \u0111\u1ed3ng h\u00e0nh tin c\u1eady<\/strong> gi\u00fap b\u1ea1n \u0111\u1ea1t \u0111\u01b0\u1ee3c m\u1ee5c ti\u00eau.<\/p>\n\n\n\n<p>\ud83d\udcde <strong>Li\u00ean h\u1ec7 ngay: Nhi Tran  &#8211;  (843) 437 0905 <\/strong><\/p>\n\n\n\n<p><strong>Email : nhitran@nhtsolution.net<\/strong><\/p>\n\n\n<div class=\"wp-block-image\">\n<figure class=\"aligncenter size-large\"><img loading=\"lazy\" decoding=\"async\" width=\"683\" height=\"1024\" src=\"https:\/\/nhtsolution.net\/wp-content\/uploads\/2025\/09\/4.4-SG-MS-NHI-TRAN-8H-HT189029-683x1024.jpg\" alt=\"\" class=\"wp-image-97\" srcset=\"https:\/\/nhtsolution.net\/wp-content\/uploads\/2025\/09\/4.4-SG-MS-NHI-TRAN-8H-HT189029-683x1024.jpg 683w, https:\/\/nhtsolution.net\/wp-content\/uploads\/2025\/09\/4.4-SG-MS-NHI-TRAN-8H-HT189029-200x300.jpg 200w, https:\/\/nhtsolution.net\/wp-content\/uploads\/2025\/09\/4.4-SG-MS-NHI-TRAN-8H-HT189029-768x1152.jpg 768w, https:\/\/nhtsolution.net\/wp-content\/uploads\/2025\/09\/4.4-SG-MS-NHI-TRAN-8H-HT189029-1024x1536.jpg 1024w, https:\/\/nhtsolution.net\/wp-content\/uploads\/2025\/09\/4.4-SG-MS-NHI-TRAN-8H-HT189029-1365x2048.jpg 1365w, https:\/\/nhtsolution.net\/wp-content\/uploads\/2025\/09\/4.4-SG-MS-NHI-TRAN-8H-HT189029-scaled.jpg 1707w\" sizes=\"auto, (max-width: 683px) 100vw, 683px\" \/><\/figure>\n<\/div>\n\n\n<div class=\"wp-block-buttons is-layout-flex wp-block-buttons-is-layout-flex\">\n<div class=\"wp-block-button\"><a class=\"wp-block-button__link wp-element-button\" href=\"https:\/\/www.facebook.com\/nhi.tran.388286\/\">Li\u00ean h\u1ec7 <\/a><\/div>\n<\/div>\n\n\n\n<p><\/p>\n","protected":false},"excerpt":{"rendered":"<p>D\u1ecbch V\u1ee5 B\u1ea5t \u0110\u1ed9ng S\u1ea3n( Real Estate) D\u1ecbch V\u1ee5 B\u1ea5t \u0110\u1ed9ng S\u1ea3n T\u1ea1i Charleston \u2013 Ch\u00eca Kh\u00f3a Cho Ng\u00f4i Nh\u00e0 M\u01a1 \u01af\u1edbc C\u1ee7a B\u1ea1n Charleston, South Carolina kh\u00f4ng ch\u1ec9 n\u1ed5i ti\u1ebfng v\u1edbi v\u1ebb \u0111\u1eb9p l\u1ecbch s\u1eed, ki\u1ebfn tr\u00fac c\u1ed5 k\u00ednh v\u00e0 nh\u1eefng b\u00e3i bi\u1ec3n tuy\u1ec7t v\u1eddi, m\u00e0 c\u00f2n l\u00e0 m\u1ed9t trong nh\u1eefng th\u1ecb tr\u01b0\u1eddng b\u1ea5t [&hellip;]<\/p>\n","protected":false},"author":1,"featured_media":0,"parent":0,"menu_order":0,"comment_status":"closed","ping_status":"closed","template":"","meta":{"footnotes":""},"class_list":["post-21","page","type-page","status-publish","hentry"],"_links":{"self":[{"href":"https:\/\/nhtsolution.net\/index.php?rest_route=\/wp\/v2\/pages\/21","targetHints":{"allow":["GET"]}}],"collection":[{"href":"https:\/\/nhtsolution.net\/index.php?rest_route=\/wp\/v2\/pages"}],"about":[{"href":"https:\/\/nhtsolution.net\/index.php?rest_route=\/wp\/v2\/types\/page"}],"author":[{"embeddable":true,"href":"https:\/\/nhtsolution.net\/index.php?rest_route=\/wp\/v2\/users\/1"}],"replies":[{"embeddable":true,"href":"https:\/\/nhtsolution.net\/index.php?rest_route=%2Fwp%2Fv2%2Fcomments&post=21"}],"version-history":[{"count":3,"href":"https:\/\/nhtsolution.net\/index.php?rest_route=\/wp\/v2\/pages\/21\/revisions"}],"predecessor-version":[{"id":189,"href":"https:\/\/nhtsolution.net\/index.php?rest_route=\/wp\/v2\/pages\/21\/revisions\/189"}],"wp:attachment":[{"href":"https:\/\/nhtsolution.net\/index.php?rest_route=%2Fwp%2Fv2%2Fmedia&parent=21"}],"curies":[{"name":"wp","href":"https:\/\/api.w.org\/{rel}","templated":true}]}}