{"id":28,"date":"2025-09-07T04:06:17","date_gmt":"2025-09-07T04:06:17","guid":{"rendered":"https:\/\/nhtsolution.net\/?page_id=28"},"modified":"2025-09-09T01:46:11","modified_gmt":"2025-09-09T01:46:11","slug":"term-life","status":"publish","type":"page","link":"https:\/\/nhtsolution.net\/?page_id=28","title":{"rendered":"Term Life"},"content":{"rendered":"\n<h1 class=\"wp-block-heading has-black-color has-electric-grass-gradient-background has-text-color has-background has-link-color has-large-font-size wp-elements-0fa37ec62c9fdf50bc00f505224a7ed0\"><strong>Term Life Insurance  \u2013 B\u1ea3o Hi\u1ec3m Nh\u00e2n Th\u1ecd C\u00f3 Th\u1eddi H\u1ea1n<\/strong><\/h1>\n\n\n\n<p>B\u1ea1n mu\u1ed1n b\u1ea3o v\u1ec7 gia \u0111\u00ecnh nh\u01b0ng v\u1eabn mong mu\u1ed1n m\u1ed9t gi\u1ea3i ph\u00e1p <strong>chi ph\u00ed h\u1ee3p l\u00fd<\/strong> v\u00e0 <strong>linh ho\u1ea1t v\u1ec1 th\u1eddi gian<\/strong>? <strong>Term Life Insurance t\u1ea1i Charleston SC<\/strong> ch\u00ednh l\u00e0 l\u1ef1a ch\u1ecdn ho\u00e0n h\u1ea3o, gi\u00fap b\u1ea1n \u0111\u1ea3m b\u1ea3o an to\u00e0n t\u00e0i ch\u00ednh cho ng\u01b0\u1eddi th\u00e2n trong m\u1ed9t kho\u1ea3ng th\u1eddi gian nh\u1ea5t \u0111\u1ecbnh.<\/p>\n\n\n\n<p><\/p>\n\n\n\n<hr class=\"wp-block-separator has-alpha-channel-opacity\"\/>\n\n\n\n<h2 class=\"wp-block-heading has-black-color has-text-color has-link-color has-large-font-size wp-elements-55d3d732b8e477f3101fe157313b65e2\"><strong>Term Life Insurance L\u00e0 G\u00ec?<\/strong><\/h2>\n\n\n\n<p><strong>Term Life Insurance<\/strong> (b\u1ea3o hi\u1ec3m nh\u00e2n th\u1ecd c\u00f3 th\u1eddi h\u1ea1n) l\u00e0 h\u00ecnh th\u1ee9c b\u1ea3o hi\u1ec3m mang l\u1ea1i quy\u1ec1n l\u1ee3i t\u1eed vong trong m\u1ed9t kho\u1ea3ng th\u1eddi gian nh\u1ea5t \u0111\u1ecbnh (10 n\u0103m, 20 n\u0103m, 30 n\u0103m&#8230;). N\u1ebfu ng\u01b0\u1eddi \u0111\u01b0\u1ee3c b\u1ea3o hi\u1ec3m qua \u0111\u1eddi trong th\u1eddi gian h\u1ee3p \u0111\u1ed3ng, gia \u0111\u00ecnh s\u1ebd nh\u1eadn \u0111\u01b0\u1ee3c quy\u1ec1n l\u1ee3i b\u1eb1ng ti\u1ec1n m\u1eb7t.<\/p>\n\n\n<div class=\"wp-block-image\">\n<figure class=\"aligncenter size-large\"><img loading=\"lazy\" decoding=\"async\" width=\"1024\" height=\"538\" src=\"https:\/\/nhtsolution.net\/wp-content\/uploads\/2025\/09\/Term-life-ins-charleston-SC-1024x538.webp\" alt=\"\" class=\"wp-image-139\" srcset=\"https:\/\/nhtsolution.net\/wp-content\/uploads\/2025\/09\/Term-life-ins-charleston-SC-1024x538.webp 1024w, https:\/\/nhtsolution.net\/wp-content\/uploads\/2025\/09\/Term-life-ins-charleston-SC-300x158.webp 300w, https:\/\/nhtsolution.net\/wp-content\/uploads\/2025\/09\/Term-life-ins-charleston-SC-768x403.webp 768w, https:\/\/nhtsolution.net\/wp-content\/uploads\/2025\/09\/Term-life-ins-charleston-SC.webp 1200w\" sizes=\"auto, (max-width: 1024px) 100vw, 1024px\" \/><\/figure>\n<\/div>\n\n\n<hr class=\"wp-block-separator has-alpha-channel-opacity\"\/>\n\n\n\n<h2 class=\"wp-block-heading has-black-color has-text-color has-link-color has-large-font-size wp-elements-17e786cf00d7222c0611bb608fb2df0d\"><strong>L\u1ee3i \u00cdch C\u1ee7a Term Life Insurance<\/strong><\/h2>\n\n\n\n<ul class=\"wp-block-list\">\n<li>\u2705 <strong>Chi ph\u00ed th\u1ea5p:<\/strong> Premium r\u1ebb h\u01a1n so v\u1edbi Whole Life ho\u1eb7c IUL.<\/li>\n\n\n\n<li>\u2705 <strong>Linh ho\u1ea1t:<\/strong> L\u1ef1a ch\u1ecdn th\u1eddi h\u1ea1n b\u1ea3o hi\u1ec3m ph\u00f9 h\u1ee3p v\u1edbi k\u1ebf ho\u1ea1ch t\u00e0i ch\u00ednh.<\/li>\n\n\n\n<li>\u2705 <strong>B\u1ea3o v\u1ec7 gia \u0111\u00ecnh:<\/strong> \u0110\u1ea3m b\u1ea3o ng\u01b0\u1eddi th\u00e2n c\u00f3 t\u00e0i ch\u00ednh \u1ed5n \u0111\u1ecbnh khi c\u00f3 r\u1ee7i ro.<\/li>\n\n\n\n<li>\u2705 <strong>Ph\u00f9 h\u1ee3p cho giai \u0111o\u1ea1n quan tr\u1ecdng:<\/strong> H\u1ed7 tr\u1ee3 trong th\u1eddi gian nu\u00f4i con, tr\u1ea3 n\u1ee3 th\u1ebf ch\u1ea5p, ho\u1eb7c khi thu nh\u1eadp ch\u00ednh trong gia \u0111\u00ecnh ch\u01b0a \u1ed5n \u0111\u1ecbnh.<\/li>\n\n\n\n<li>\u2705 <strong>C\u00f3 th\u1ec3 chuy\u1ec3n \u0111\u1ed5i:<\/strong> M\u1ed9t s\u1ed1 h\u1ee3p \u0111\u1ed3ng cho ph\u00e9p chuy\u1ec3n sang b\u1ea3o hi\u1ec3m v\u0129nh vi\u1ec5n m\u00e0 kh\u00f4ng c\u1ea7n kh\u00e1m s\u1ee9c kh\u1ecfe l\u1ea1i.<\/li>\n<\/ul>\n\n\n<div class=\"wp-block-image\">\n<figure class=\"aligncenter size-full\"><img loading=\"lazy\" decoding=\"async\" width=\"790\" height=\"444\" src=\"https:\/\/nhtsolution.net\/wp-content\/uploads\/2025\/09\/termvspermanent.jpg\" alt=\"\" class=\"wp-image-140\" srcset=\"https:\/\/nhtsolution.net\/wp-content\/uploads\/2025\/09\/termvspermanent.jpg 790w, https:\/\/nhtsolution.net\/wp-content\/uploads\/2025\/09\/termvspermanent-300x169.jpg 300w, https:\/\/nhtsolution.net\/wp-content\/uploads\/2025\/09\/termvspermanent-768x432.jpg 768w\" sizes=\"auto, (max-width: 790px) 100vw, 790px\" \/><\/figure>\n<\/div>\n\n\n<hr class=\"wp-block-separator has-alpha-channel-opacity\"\/>\n\n\n\n<h2 class=\"wp-block-heading has-black-color has-text-color has-link-color has-large-font-size wp-elements-231c72999730da60871d7804b32ce4c3\"><strong>Ai N\u00ean Mua Term Life Insurance \u1ede Charleston, SC?<\/strong><\/h2>\n\n\n\n<ul class=\"wp-block-list\">\n<li>Ng\u01b0\u1eddi tr\u1ebb tu\u1ed5i mu\u1ed1n c\u00f3 b\u1ea3o hi\u1ec3m nh\u00e2n th\u1ecd v\u1edbi chi ph\u00ed th\u1ea5p.<\/li>\n\n\n\n<li>Gia \u0111\u00ecnh c\u00f3 con nh\u1ecf, c\u1ea7n \u0111\u1ea3m b\u1ea3o t\u00e0i ch\u00ednh cho vi\u1ec7c h\u1ecdc t\u1eadp v\u00e0 sinh ho\u1ea1t.<\/li>\n\n\n\n<li>Ng\u01b0\u1eddi vay th\u1ebf ch\u1ea5p nh\u00e0 ho\u1eb7c kho\u1ea3n n\u1ee3 l\u1edbn, c\u1ea7n b\u1ea3o v\u1ec7 ng\u01b0\u1eddi th\u00e2n kh\u1ecfi g\u00e1nh n\u1eb7ng t\u00e0i ch\u00ednh.<\/li>\n\n\n\n<li>Ng\u01b0\u1eddi mu\u1ed1n c\u00f3 gi\u1ea3i ph\u00e1p <strong>life insurance gi\u00e1 r\u1ebb t\u1ea1i Charleston SC<\/strong>.<\/li>\n<\/ul>\n\n\n\n<hr class=\"wp-block-separator has-alpha-channel-opacity\"\/>\n\n\n\n<h2 class=\"wp-block-heading has-black-color has-text-color has-link-color has-large-font-size wp-elements-18f1c426a9330befef37195b58c94c7e\"><strong>V\u00ec Sao Ch\u1ecdn Nhi Tran Cho D\u1ecbch V\u1ee5 Term Life Insurance?<\/strong><\/h2>\n\n\n\n<ul class=\"wp-block-list\">\n<li>\ud83c\udfaf Hi\u1ec3u r\u00f5 th\u1ecb tr\u01b0\u1eddng b\u1ea3o hi\u1ec3m nh\u00e2n th\u1ecd t\u1ea1i <strong>South Carolina<\/strong>.<\/li>\n\n\n\n<li>\ud83c\udfaf T\u01b0 v\u1ea5n song ng\u1eef <strong>Anh \u2013 Vi\u1ec7t<\/strong>, gi\u00fap kh\u00e1ch h\u00e0ng d\u1ec5 d\u00e0ng hi\u1ec3u quy\u1ec1n l\u1ee3i.<\/li>\n\n\n\n<li>\ud83c\udfaf So s\u00e1nh nhi\u1ec1u h\u00e3ng b\u1ea3o hi\u1ec3m \u0111\u1ec3 ch\u1ecdn g\u00f3i t\u1ed1t nh\u1ea5t.<\/li>\n\n\n\n<li>\ud83c\udfaf Lu\u00f4n \u0111\u1ed3ng h\u00e0nh c\u00f9ng kh\u00e1ch h\u00e0ng trong su\u1ed1t qu\u00e1 tr\u00ecnh h\u1ee3p \u0111\u1ed3ng.<\/li>\n<\/ul>\n\n\n<div class=\"wp-block-image\">\n<figure class=\"aligncenter size-large\"><img loading=\"lazy\" decoding=\"async\" width=\"683\" height=\"1024\" src=\"https:\/\/nhtsolution.net\/wp-content\/uploads\/2025\/09\/4.4-SG-MS-NHI-TRAN-8H-HT189111-3-683x1024.jpg\" alt=\"\" class=\"wp-image-141\" srcset=\"https:\/\/nhtsolution.net\/wp-content\/uploads\/2025\/09\/4.4-SG-MS-NHI-TRAN-8H-HT189111-3-683x1024.jpg 683w, https:\/\/nhtsolution.net\/wp-content\/uploads\/2025\/09\/4.4-SG-MS-NHI-TRAN-8H-HT189111-3-200x300.jpg 200w, https:\/\/nhtsolution.net\/wp-content\/uploads\/2025\/09\/4.4-SG-MS-NHI-TRAN-8H-HT189111-3-768x1152.jpg 768w, https:\/\/nhtsolution.net\/wp-content\/uploads\/2025\/09\/4.4-SG-MS-NHI-TRAN-8H-HT189111-3-1024x1536.jpg 1024w, https:\/\/nhtsolution.net\/wp-content\/uploads\/2025\/09\/4.4-SG-MS-NHI-TRAN-8H-HT189111-3-1365x2048.jpg 1365w, https:\/\/nhtsolution.net\/wp-content\/uploads\/2025\/09\/4.4-SG-MS-NHI-TRAN-8H-HT189111-3-scaled.jpg 1707w\" sizes=\"auto, (max-width: 683px) 100vw, 683px\" \/><\/figure>\n<\/div>\n\n\n<h2 class=\"wp-block-heading has-black-color has-text-color has-link-color has-large-font-size wp-elements-3bf9ae770b1cca8481eb515ddabcb7a8\"><strong>Li\u00ean H\u1ec7 Ngay \u0110\u1ec3 \u0110\u01b0\u1ee3c T\u01b0 V\u1ea5n Term Life Insurance<\/strong><\/h2>\n\n\n\n<p>H\u00e3y \u0111\u1ec3 <strong>Term Life Insurance t\u1ea1i Charleston SC<\/strong> tr\u1edf th\u00e0nh gi\u1ea3i ph\u00e1p b\u1ea3o v\u1ec7 t\u00e0i ch\u00ednh cho gia \u0111\u00ecnh b\u1ea1n trong nh\u1eefng giai \u0111o\u1ea1n quan tr\u1ecdng nh\u1ea5t.<\/p>\n\n\n\n<p>\ud83d\udcde <strong>Li\u00ean h\u1ec7: Nhi Tran \u2013 (843) 437 0905 <\/strong> \u0111\u1ec3 \u0111\u01b0\u1ee3c t\u01b0 v\u1ea5n mi\u1ec5n ph\u00ed v\u00e0 nh\u1eadn b\u00e1o gi\u00e1 chi ti\u1ebft.<\/p>\n\n\n\n<p class=\"has-black-color has-text-color has-link-color wp-elements-2423a427302f475d07975f0a6af59916\"><strong>Email : nhitran@nhtsolution.net <\/strong><\/p>\n\n\n\n<div class=\"wp-block-buttons is-layout-flex wp-block-buttons-is-layout-flex\">\n<div class=\"wp-block-button\"><a class=\"wp-block-button__link wp-element-button\" href=\"https:\/\/www.facebook.com\/nhi.tran.388286\/\">Li\u00ean h\u1ec7<\/a><\/div>\n<\/div>\n\n\n\n<p><\/p>\n","protected":false},"excerpt":{"rendered":"<p>Term Life Insurance \u2013 B\u1ea3o Hi\u1ec3m Nh\u00e2n Th\u1ecd C\u00f3 Th\u1eddi H\u1ea1n B\u1ea1n mu\u1ed1n b\u1ea3o v\u1ec7 gia \u0111\u00ecnh nh\u01b0ng v\u1eabn mong mu\u1ed1n m\u1ed9t gi\u1ea3i ph\u00e1p chi ph\u00ed h\u1ee3p l\u00fd v\u00e0 linh ho\u1ea1t v\u1ec1 th\u1eddi gian? Term Life Insurance t\u1ea1i Charleston SC ch\u00ednh l\u00e0 l\u1ef1a ch\u1ecdn ho\u00e0n h\u1ea3o, gi\u00fap b\u1ea1n \u0111\u1ea3m b\u1ea3o an to\u00e0n t\u00e0i ch\u00ednh cho [&hellip;]<\/p>\n","protected":false},"author":1,"featured_media":0,"parent":0,"menu_order":0,"comment_status":"closed","ping_status":"closed","template":"","meta":{"footnotes":""},"class_list":["post-28","page","type-page","status-publish","hentry"],"_links":{"self":[{"href":"https:\/\/nhtsolution.net\/index.php?rest_route=\/wp\/v2\/pages\/28","targetHints":{"allow":["GET"]}}],"collection":[{"href":"https:\/\/nhtsolution.net\/index.php?rest_route=\/wp\/v2\/pages"}],"about":[{"href":"https:\/\/nhtsolution.net\/index.php?rest_route=\/wp\/v2\/types\/page"}],"author":[{"embeddable":true,"href":"https:\/\/nhtsolution.net\/index.php?rest_route=\/wp\/v2\/users\/1"}],"replies":[{"embeddable":true,"href":"https:\/\/nhtsolution.net\/index.php?rest_route=%2Fwp%2Fv2%2Fcomments&post=28"}],"version-history":[{"count":3,"href":"https:\/\/nhtsolution.net\/index.php?rest_route=\/wp\/v2\/pages\/28\/revisions"}],"predecessor-version":[{"id":199,"href":"https:\/\/nhtsolution.net\/index.php?rest_route=\/wp\/v2\/pages\/28\/revisions\/199"}],"wp:attachment":[{"href":"https:\/\/nhtsolution.net\/index.php?rest_route=%2Fwp%2Fv2%2Fmedia&parent=28"}],"curies":[{"name":"wp","href":"https:\/\/api.w.org\/{rel}","templated":true}]}}